+ 374. Let m = -35 + 60. Calculate the remainder when y is divided by m.
24
What is the remainder when 262 is divided by (-3)/(-2)*(-5084)/(-93)?
16
Let r be (1 + 0)/(18 + -19) - -19. Suppose 4*z - 6*z = -i + 6, 2*z = -i + r. Let o(g) = 13*g**2 + 2*g - 1. What is the remainder when o(-2) is divided by i?
11
Let k(f) = -f**2 - 115*f - 3283. Suppose -1 = a - 0, -2*w + 3*a + 35 = 0. Suppose 5*v - v = w. What is the remainder when k(-60) is divided by v?
1
Let x(i) = i**2 + 3*i - 14. Let c be x(-5). Let f be (-110)/(-30) - c/(-6). What is the remainder when f/2 + 133/14 is divided by 6?
5
Calculate the remainder when 4558 is divided by (-4200)/(-252)*(-24)/(-10).
38
Let g(x) = 17*x - 51. Let l(i) = 1. Let u(c) = g(c) + 4*l(c). Calculate the remainder when u(6) is divided by (-16)/(-6)*(-15)/(-2).
15
Let t = 41093 - 40890. Calculate the remainder when 3858 is divided by t.
1
Let v(a) = 13*a - 6. Let g(q) = -q**3 - 7*q**2 + 3*q - 1. Let l be g(-8). Suppose l = 14*w - w. Calculate the remainder when v(w) is divided by 18.
15
Let p(b) be the third derivative of 0 - 1/6*b**4 + 1/30*b**5 - b - 17/6*b**3 + 5*b**2. What is the remainder when 121 is divided by p(6)?
28
Let i = 60 + -49. Suppose 0 = -4*o - 4*t + 32, -5*o + 9 + i = t. Let b = -9 - -10. What is the remainder when o is divided by b?
0
Let i(h) = h**3 + 26*h**2 - 72*h - 1320. What is the remainder when i(-20) is divided by 13?
11
Let o = 266 - 256. Suppose 551 = 5*m - 3*s - 124, 0 = -4*m - 4*s + 540. Suppose 0*i - m = -5*i. What is the remainder when i is divided by o?
7
Let x(w) = w**3 + 9*w**2 + 6*w - 3. Let l(g) = g**3 + 208*g**2 - 1061*g + 15. Calculate the remainder when x(-6) is divided by l(5).
34
Let l = -9765 - -9847. Calculate the remainder when 327 is divided by l.
81
Suppose 2*q - 12 = -5*t, 5*t + q + 3*q - 14 = 0. Suppose -503 = -t*y + 237. Suppose 0 = 10*h - 220 - y. What is the remainder when h is divided by 22?
15
Let x = 6744 + -6697. What is the remainder when 683 is divided by x?
25
Let w(c) = 57*c - 84. Suppose 0 = 6*b - 4*b + 5*n - 42, 5*n + 13 = 3*b. What is the remainder when w(14) is divided by b?
10
Let j = -30 - -12. Suppose 3 + 2 = 5*o. What is the remainder when (j/(-15))/(-7 + (-108)/(-15)) is divided by o?
0
Let p(t) = 2*t + 6. Let b(z) = 4*z**2 + 2*z + 2. Let o be b(-1). Let x be o/(-4 + 8) - -4. What is the remainder when 59 is divided by p(x)?
11
Let b be (-40)/(-3)*-6*6/(-16). Suppose b + 22 = 4*y. Calculate the remainder when 19 is divided by y.
6
Suppose -562*g - 3*y + 5 = -563*g, -4 = 2*g - 3*y. Calculate the remainder when 6 is divided by g.
0
Let i(s) be the first derivative of 1/4*s**4 + 3*s + 1/3*s**3 - 9*s**2 + 10. What is the remainder when 61 is divided by i(4)?
6
Let a = 16 + 34. Suppose -186 + a = -2*i. What is the remainder when i is divided by 1*-1 + 19/1?
14
Let c(t) = t + 25. Suppose 3*l - 5*z - 44 - 12 = 0, -3*l - 4*z + 47 = 0. What is the remainder when 52 - (31/8 + l/136) is divided by c(0)?
23
Suppose 197*r = -36*r + 4194. Calculate the remainder when 4768 is divided by r.
16
Calculate the remainder when 19/(-17) + 1 + (-442493)/(-289) + 13 is divided by 221.
218
Suppose 777 = -4*z + 5*f + 2862, -3*z + 3*f + 1563 = 0. Calculate the remainder when z is divided by 65.
0
Suppose 263*a + 34 = 264*a. Suppose -a*d + 31*d + 288 = 0. What is the remainder when d is divided by 10?
6
Let o(m) = -16*m - 4. Let v be -21 + 10 + (-3)/3. Let k be (1 + -5)*(-7)/(56/v). Calculate the remainder when o(k) is divided by 24.
20
Let b = -637 + 906. What is the remainder when 270 is divided by b?
1
Let d be 2/1*(0 - -2). Suppose -4*f = -5*v + 362, -3*v + d*v + f - 67 = 0. What is the remainder when v is divided by 24?
22
Let d = -2413 + 1244. What is the remainder when (9 - 8)/((-7)/d) is divided by 25?
17
Let m = -107 + 102. Suppose -42 - 18 = -3*u. What is the remainder when u is divided by -15*(m + 2)*4/30?
2
Let u = 574 - 568. Let q be (55/10)/(1/22). Suppose 4*h - q = 2*c + c, -97 = -3*h + c. Calculate the remainder when h is divided by u.
4
Suppose q + 4*r + 22 = 0, 0 = 722*q - 717*q - 2*r. Suppose -4*g + 4 = -8. Calculate the remainder when 16 is divided by -1*(q - 7) - g.
4
Suppose -494 + 104 = -26*k. Suppose -k*n + 612 = 462. Let y = -40 - -78. Calculate the remainder when y is divided by n.
8
Suppose 6*n = 21*n - 1035. Suppose 14*t = -4*p + 19*t + n, -p - 4*t = -33. Calculate the remainder when p is divided by 3.
0
Suppose -6*b + 12*b - 144 = 0. What is the remainder when 37 is divided by (-9)/(-12) + 294/b?
11
Suppose -19*x + 66184 + 438912 = 0. Calculate the remainder when x is divided by 13.
12
Let t = 22 - -45. Let v(p) = -p**2 + 16*p + 8. Let g be (9 + 1)/(2/3). Calculate the remainder when t is divided by v(g).
21
Suppose y - 1 = o, 0*y + 20 = -2*o - 4*y. Let n be (-4)/14 - o/14. Let k(j) = -j**3 - j**2 + j + 12. What is the remainder when k(n) is divided by 5?
2
Suppose -5*q - 520 = -3*w, 4*w - 42*q + 37*q - 685 = 0. What is the remainder when w is divided by 32?
5
Let y(i) = -i**2 + 7*i - 6. Suppose 2*x - 4 = 0, -2*t + 9*x - 14*x + 18 = 0. What is the remainder when y(3) is divided by t?
2
Let m = 199 - 130. Let i = m - 35. Suppose c = r - 26, 0 = -4*r + 3*r - c + i. Calculate the remainder when r is divided by 21.
9
Let i(t) = 3*t**3 + 37*t**2 + 2*t + 27. Let g(b) = 2*b**3 + 37*b**2 + b + 27. Let x(l) = -4*g(l) + 3*i(l). Calculate the remainder when 138 is divided by x(37).
44
Suppose 21*l = 10*l + 10*l + 213. Let m(c) = -6*c - 4. What is the remainder when l is divided by m(-13)?
65
Let z = 3632 - 3607. What is the remainder when 368 is divided by z?
18
Suppose q - 5*p = 87 + 215, p + 622 = 2*q. Calculate the remainder when 95 is divided by q/20 - (12/(-5))/6.
15
Suppose 4 = 2*u, 2*s - 12*u + 9*u = 412. What is the remainder when s is divided by 200?
9
Let n(p) = -18*p + 9. Suppose 6 = 3*u + 15. What is the remainder when n(-3) is divided by u*(16/(-3) - (-4)/(-2))?
19
Suppose -24*b - 31*b = 6432 - 28102. What is the remainder when b is divided by 9?
7
Suppose 0 = -3*k + 2 + 4. Suppose -t + 27 = k*s, 2*t - 115 = -3*t - 5*s. Let x(z) = -2*z + 8. What is the remainder when x(-14) is divided by t?
17
Suppose h + 2*h + 4*f - 256 = 0, 5*f + 300 = 4*h. Suppose 55*n + 40*n = -38*n + 3192. What is the remainder when h is divided by n?
8
Suppose 0 = -90*v + 87*v + 45. Let z = -401 - -622. Calculate the remainder when z is divided by -3*(-160)/v*1.
29
Let v be (-6)/15 + (-17)/(-5). Suppose v*g = -241 + 16. Calculate the remainder when 8 is divided by g/(-10)*2/5.
2
Let k be ((-105)/5 - 3) + 0. Let i = -2 - k. Let v(j) = 2*j**2 - 17*j - 29. Calculate the remainder when v(12) is divided by i.
11
Suppose 94*n = 181*n + 160*n - 28899. What is the remainder when 1385 is divided by n?
98
Suppose 273 - 21 = 145*o - 473. Suppose -2*l = -8, -3*q - 2*q + 5*l = -450. What is the remainder when q is divided by o?
4
Let r(j) = j**3 - 63*j**2 + 346*j - 177. What is the remainder when 3222 is divided by r(57)?
9
Suppose 1457 = l - 2*u, -2*l = -7*l - 3*u + 7181. What is the remainder when l is divided by 78?
37
Let x(d) = -2*d**2 - 185*d + 423. Calculate the remainder when x(-84) is divided by 75.
51
Let d(j) = j**3 - 15*j**2 + 7*j - 16. Suppose -20 = 7*q - 118. Let k be d(q). Let n = -96 - k. Calculate the remainder when 87 is divided by n.
15
Let r(k) = -k**3 + 8*k**2 - k + 15. Let t be r(8). What is the remainder when t/((-42)/(-408)) + -5 is divided by 36?
27
Let a = 35 + -32. Let u be (-1 - a - -6) + 3. What is the remainder when u/20*(116 - 0) is divided by 6?
5
Suppose 0 = g - 3*l - 10, -7*g + 40 = -3*g - 3*l. Let p(s) = 6*s - g*s**3 - 9*s + 4*s - 1 + s**2 + 0*s**3. What is the remainder when p(-2) is divided by 41?
40
Let c(j) = -2*j + 1. Let r(g) = 8*g**2 - 6*g**2 + 28*g + 25*g + 13 - 56*g. What is the remainder when r(-3) is divided by c(-10)?
19
Let k(s) = s**3 - 93*s**2 - 266*s + 16287. Suppose -122 = -f - f. Calculate the remainder when k(94) is divided by f.
58
Suppose -3*y + y + 21 = 5*j, -y = -j. Suppose 3*o = -2*p + 34, 3 = j*o - 3. Suppose 48 = -p*q + 15*q. What is the remainder when q is divided by 26?
22
Let z = -70 - -73. Suppose k - 3*r = 19 - 0, 0 = -2*k - z*r + 56. Calculate the remainder when 240 is divided by k.
15
Let c(o) be the first de